{"id":105,"date":"2011-07-27T13:21:19","date_gmt":"2011-07-27T13:21:19","guid":{"rendered":"http:\/\/www.kneippverein-ingolstadt.de\/wp\/?page_id=105"},"modified":"2019-08-14T17:45:22","modified_gmt":"2019-08-14T17:45:22","slug":"heilpflanzen","status":"publish","type":"page","link":"https:\/\/www.kneippverein-ingolstadt.de\/?page_id=105","title":{"rendered":"Heilpflanzen"},"content":{"rendered":"<div id=\"pl-gb105-69e4d7de57c36\"  class=\"panel-layout\" ><div id=\"pg-gb105-69e4d7de57c36-0\"  class=\"panel-grid panel-no-style\" ><div id=\"pgc-gb105-69e4d7de57c36-0-0\"  class=\"panel-grid-cell\" ><div id=\"panel-gb105-69e4d7de57c36-0-0-0\" class=\"so-panel widget widget_sow-editor panel-first-child panel-last-child\" data-index=\"0\" ><div\n\t\t\t\n\t\t\tclass=\"so-widget-sow-editor so-widget-sow-editor-base\"\n\t\t\t\n\t\t>\n<div class=\"siteorigin-widget-tinymce textwidget\">\n\t<h1>Heilpflanzen<\/h1>\n<p>\u201eVorbeugen sollt ihr durch diese Kr\u00e4uter, nicht das \u00dcbel erst gro\u00df werden lassen\u201c, riet Pfarrer Sebastian Kneipp seinen Patienten.<\/p>\n<p>F\u00fcr eine verantwortliche Selbstbehandlung eignen sich insbesondere die mild wirkenden Sorten, am besten aus der heimischen Umgebung.<\/p>\n<p>Ein bekannter Klassiker ist Kr\u00e4utertee aus Anis, K\u00fcmmel und Fenchel f\u00fcr die Milchbildung beim Stillen. Im Winter l\u00e4sst sich mit Linden- oder Holunderbl\u00fctentee bestens gegen Erk\u00e4ltungen vorbeugen, Arnika hilft gegen Zahnfleisch- oder Mandelentz\u00fcndungen und Rachenkatarrh, Fenchel beruhigt die Verdauung, L\u00f6wenzahn regt alle Dr\u00fcsen des K\u00f6rpers an, Ringelblume erleichtert die Wundheilung und Rosmarin st\u00e4rkt Genesende \u2013 dies sind nur ein paar Beispiele f\u00fcr die Vielfalt der Heilkr\u00e4uter. Sebastian Kneipp hielt gro\u00dfe St\u00fccke auf die Pflanzen und verwendete sie als Badezus\u00e4tze, Tinkturen, Salben, Tees und S\u00e4fte. Dabei st\u00fctzte er sich auf die lange Tradition der Klosterg\u00e4rten in Europa und entwickelte seine Therapie stetig weiter.<\/p>\n<p>Heute hat die reiche Auswahl an S\u00e4ften und Industriedrinks die Fr\u00fcchte- und Kr\u00e4utertees weitgehend aus dem Alltag vertrieben \u2013 dabei bieten sie eine wohlschmeckende und gesunde Alternative, noch dazu f\u00fcr wenig Geld. In der Kosmetikbranche kommen die Beautyfirmen zurzeit verst\u00e4rkt auf den Rohstoff \u201eNatur\u201c zur\u00fcck \u2013 ein Trend ganz im Sinne der Kneipp-Bewegung.<\/p>\n<\/div>\n<\/div><\/div><\/div><\/div><\/div>","protected":false},"excerpt":{"rendered":"<p>Heilpflanzen \u201eVorbeugen sollt ihr durch diese Kr\u00e4uter, nicht das \u00dcbel erst gro\u00df werden lassen\u201c, riet Pfarrer Sebastian Kneipp seinen Patienten. F\u00fcr eine verantwortliche Selbstbehandlung eignen sich insbesondere die mild wirkenden Sorten, am besten aus der heimischen Umgebung. Ein bekannter Klassiker &hellip; <a href=\"https:\/\/www.kneippverein-ingolstadt.de\/?page_id=105\">Weiterlesen <span class=\"meta-nav\">&rarr;<\/span><\/a><\/p>\n","protected":false},"author":3,"featured_media":0,"parent":22,"menu_order":1,"comment_status":"closed","ping_status":"closed","template":"","meta":{"_eb_attr":"","ngg_post_thumbnail":0,"footnotes":""},"class_list":["post-105","page","type-page","status-publish","hentry"],"_links":{"self":[{"href":"https:\/\/www.kneippverein-ingolstadt.de\/index.php?rest_route=\/wp\/v2\/pages\/105","targetHints":{"allow":["GET"]}}],"collection":[{"href":"https:\/\/www.kneippverein-ingolstadt.de\/index.php?rest_route=\/wp\/v2\/pages"}],"about":[{"href":"https:\/\/www.kneippverein-ingolstadt.de\/index.php?rest_route=\/wp\/v2\/types\/page"}],"author":[{"embeddable":true,"href":"https:\/\/www.kneippverein-ingolstadt.de\/index.php?rest_route=\/wp\/v2\/users\/3"}],"replies":[{"embeddable":true,"href":"https:\/\/www.kneippverein-ingolstadt.de\/index.php?rest_route=%2Fwp%2Fv2%2Fcomments&post=105"}],"version-history":[{"count":2,"href":"https:\/\/www.kneippverein-ingolstadt.de\/index.php?rest_route=\/wp\/v2\/pages\/105\/revisions"}],"predecessor-version":[{"id":6363,"href":"https:\/\/www.kneippverein-ingolstadt.de\/index.php?rest_route=\/wp\/v2\/pages\/105\/revisions\/6363"}],"up":[{"embeddable":true,"href":"https:\/\/www.kneippverein-ingolstadt.de\/index.php?rest_route=\/wp\/v2\/pages\/22"}],"wp:attachment":[{"href":"https:\/\/www.kneippverein-ingolstadt.de\/index.php?rest_route=%2Fwp%2Fv2%2Fmedia&parent=105"}],"curies":[{"name":"wp","href":"https:\/\/api.w.org\/{rel}","templated":true}]}}