{"id":6824,"date":"2023-09-10T18:41:23","date_gmt":"2023-09-10T18:41:23","guid":{"rendered":"http:\/\/www.kneippverein-ingolstadt.de\/?page_id=6824"},"modified":"2023-09-10T19:51:36","modified_gmt":"2023-09-10T19:51:36","slug":"schlossgraben","status":"publish","type":"page","link":"https:\/\/www.kneippverein-ingolstadt.de\/?page_id=6824","title":{"rendered":"Schlo\u00dfgraben"},"content":{"rendered":"\n\n\n<p class=\"has-text-align-left has-black-color has-text-color\"><strong><mark><mark style=\"background-color:#fff\" class=\"has-inline-color has-blue-color\">Schlo\u00dfgraben<\/mark><\/mark><\/strong><br><br>Nach Ablehnung des &#8222;Kneippgarten&#8220; am Schleifm\u00fchlplatz haben wir uns auf die Suche nach einer Alternative begeben.<br>Dabei r\u00fcckte der Schlo\u00dfgraben in den Blickpunkt. Im Mai 2023 stellten wir dieses Konzept im BZA Mitte vor. Der BZA-Mitte begr\u00fc\u00dfte grunds\u00e4tzlich ein Kneippbecken in der Innenstadt und stellte eine finanzielle Unterst\u00fctzung in Aussicht.<br>Bereits in dieser BZA-Sitzung kam der Hinweis, da\u00df sich der Schlo\u00dfgraben im Besitz des Freistaats Bayern befindet und sich deshalb zus\u00e4tzliche Schwierigkeiten bei der Umsetzung ergeben k\u00f6nnten.<br>Nach Gespr\u00e4chen mit weiteren Politikern der Stadt verfestigte sich dieses Bild. Deshalb stellten wir diese Alternative vorerst zur\u00fcck: Trotzdem m\u00f6chten wir auf die Vorteile dieser Variante hinweisen.<\/p>\n\n\n\n<figure class=\"wp-block-image size-large\"><img fetchpriority=\"high\" decoding=\"async\" width=\"1280\" height=\"960\" src=\"https:\/\/www.kneippverein-ingolstadt.de\/wp-content\/uploads\/2023\/09\/Schlossgraben-2-1-1280x960.jpg\" alt=\"\" class=\"wp-image-6827\" srcset=\"https:\/\/www.kneippverein-ingolstadt.de\/wp-content\/uploads\/2023\/09\/Schlossgraben-2-1-1280x960.jpg 1280w, https:\/\/www.kneippverein-ingolstadt.de\/wp-content\/uploads\/2023\/09\/Schlossgraben-2-1-300x225.jpg 300w, https:\/\/www.kneippverein-ingolstadt.de\/wp-content\/uploads\/2023\/09\/Schlossgraben-2-1-768x576.jpg 768w, https:\/\/www.kneippverein-ingolstadt.de\/wp-content\/uploads\/2023\/09\/Schlossgraben-2-1-1536x1152.jpg 1536w, https:\/\/www.kneippverein-ingolstadt.de\/wp-content\/uploads\/2023\/09\/Schlossgraben-2-1-2048x1536.jpg 2048w, https:\/\/www.kneippverein-ingolstadt.de\/wp-content\/uploads\/2023\/09\/Schlossgraben-2-1-400x300.jpg 400w\" sizes=\"(max-width: 1280px) 100vw, 1280px\" \/><\/figure>\n\n\n\n<ul class=\"wp-block-list\">\n<li><strong>gut erreichbar<\/strong><\/li>\n\n\n\n<li><strong>Tourismusmagnet lockt in die Altstadt<\/strong><\/li>\n\n\n\n<li><strong>Einbindung in Stadtf\u00fchrung<\/strong><\/li>\n\n\n\n<li><strong>Nahe Kongresshotel (Ort f\u00fcr Pausen)<\/strong><\/li>\n\n\n\n<li><strong>Abk\u00fchlung durch Gr\u00fcn + Wasser<\/strong><\/li>\n\n\n\n<li><strong>abgeschlossener Bereich<\/strong><\/li>\n\n\n\n<li><strong>Erholungsoase\/Ruheplatz<\/strong><\/li>\n\n\n\n<li><strong>Gesundheitsplatz, Gesundheitsf\u00f6rderung<\/strong><\/li>\n\n\n\n<li><strong>Begegnungsst\u00e4tte f\u00fcr Jung und Alt<\/strong><\/li>\n\n\n\n<li><strong>Urban <\/strong><strong>Gardening<\/strong><\/li>\n\n\n\n<li><strong>Radtour Kneipp analog FFB<\/strong><\/li>\n\n\n\n<li><strong>Gesundheitsbewusstsein erh\u00f6hen<\/strong><\/li>\n\n\n\n<li><strong>Naturerlebnis mitten in der Stadt<\/strong><\/li>\n\n\n\n<li><strong>ein Schritt zur blau-gr\u00fcnen Stadt<\/strong><\/li>\n<\/ul>\n\n\n\n<p>Leider mu\u00df man hier auch ein paar Nachteile anf\u00fchren<\/p>\n\n\n\n<ul class=\"wp-block-list\">\n<li><strong>bestehendes Biotop<\/strong><\/li>\n\n\n\n<li><strong>zus\u00e4tzliche Abstimmung mit dem Freistaat Bayern (Zeitleiste)<\/strong><\/li>\n\n\n\n<li><strong>Durchbruch in der Mauer f\u00fcr Zugang<\/strong><\/li>\n<\/ul>\n\n\n\n<p class=\"has-medium-font-size\"><br><strong>Die 5 S\u00e4ulen von Kneipp<\/strong><\/p>\n\n\n\n<p class=\"has-medium-font-size\"><br><strong>&#8211; Wasser<\/strong><br>Das Element Wasser finden wir in der Tretanlage wieder.<\/p>\n\n\n\n<p class=\"has-medium-font-size\"><strong>&#8211; Bewegung<\/strong><br>Gymnastikkurse k\u00f6nnten im Sommer auf der Rasenfl\u00e4che neben dem Kneippbecken angeboten werden<\/p>\n\n\n\n<p class=\"has-medium-font-size\"><strong>&#8211; Ern\u00e4hrung<\/strong><br> Urban Gardening <\/p>\n\n\n\n<p class=\"has-medium-font-size\"><strong>&#8211; Heilpflanzen<\/strong><br>Kr\u00e4uterbeet anlegen<\/p>\n\n\n\n<p class=\"has-medium-font-size\"><strong>&#8211; Lebensordung<\/strong><br>Yoga bzw. Qi-Gong Kurse w\u00e4hrend des Sommer auf der  Rasenfl\u00e4chen neben dem Kneippbecken angeboten werden<br>Ort der Ruhe<\/p>\n\n\n\n<p class=\"has-medium-font-size\"><strong>k\u00f6nnte man in diesem &#8222;Kneippgarten&#8220; alle verwirklichen.<\/strong><\/p>\n","protected":false},"excerpt":{"rendered":"<p>Schlo\u00dfgraben Nach Ablehnung des &#8222;Kneippgarten&#8220; am Schleifm\u00fchlplatz haben wir uns auf die Suche nach einer Alternative begeben.Dabei r\u00fcckte der Schlo\u00dfgraben in den Blickpunkt. Im Mai 2023 stellten wir dieses Konzept im BZA Mitte vor. Der BZA-Mitte begr\u00fc\u00dfte grunds\u00e4tzlich ein Kneippbecken &hellip; <a href=\"https:\/\/www.kneippverein-ingolstadt.de\/?page_id=6824\">Weiterlesen <span class=\"meta-nav\">&rarr;<\/span><\/a><\/p>\n","protected":false},"author":5,"featured_media":0,"parent":0,"menu_order":0,"comment_status":"closed","ping_status":"closed","template":"","meta":{"_eb_attr":"","ngg_post_thumbnail":0,"footnotes":""},"class_list":["post-6824","page","type-page","status-publish","hentry"],"_links":{"self":[{"href":"https:\/\/www.kneippverein-ingolstadt.de\/index.php?rest_route=\/wp\/v2\/pages\/6824","targetHints":{"allow":["GET"]}}],"collection":[{"href":"https:\/\/www.kneippverein-ingolstadt.de\/index.php?rest_route=\/wp\/v2\/pages"}],"about":[{"href":"https:\/\/www.kneippverein-ingolstadt.de\/index.php?rest_route=\/wp\/v2\/types\/page"}],"author":[{"embeddable":true,"href":"https:\/\/www.kneippverein-ingolstadt.de\/index.php?rest_route=\/wp\/v2\/users\/5"}],"replies":[{"embeddable":true,"href":"https:\/\/www.kneippverein-ingolstadt.de\/index.php?rest_route=%2Fwp%2Fv2%2Fcomments&post=6824"}],"version-history":[{"count":12,"href":"https:\/\/www.kneippverein-ingolstadt.de\/index.php?rest_route=\/wp\/v2\/pages\/6824\/revisions"}],"predecessor-version":[{"id":6854,"href":"https:\/\/www.kneippverein-ingolstadt.de\/index.php?rest_route=\/wp\/v2\/pages\/6824\/revisions\/6854"}],"wp:attachment":[{"href":"https:\/\/www.kneippverein-ingolstadt.de\/index.php?rest_route=%2Fwp%2Fv2%2Fmedia&parent=6824"}],"curies":[{"name":"wp","href":"https:\/\/api.w.org\/{rel}","templated":true}]}}