{"id":6855,"date":"2023-11-20T20:42:08","date_gmt":"2023-11-20T20:42:08","guid":{"rendered":"http:\/\/www.kneippverein-ingolstadt.de\/?page_id=6855"},"modified":"2023-11-20T20:42:08","modified_gmt":"2023-11-20T20:42:08","slug":"kneippbecken-im-schutterhof","status":"publish","type":"page","link":"https:\/\/www.kneippverein-ingolstadt.de\/?page_id=6855","title":{"rendered":"Im Schutterhof"},"content":{"rendered":"\n<p><span style=\"color: #3366ff;\"><strong>Im Schutterhof<\/strong><\/span><\/p>\n\n\n<div id=\"pl-gb6855-69e4ff341bdef\"  class=\"panel-layout\" ><div id=\"pg-gb6855-69e4ff341bdef-0\"  class=\"panel-grid panel-no-style\" ><div id=\"pgc-gb6855-69e4ff341bdef-0-0\"  class=\"panel-grid-cell\" ><\/div><\/div><\/div>\n\n\n<p>Auch der Schutterhof, die ehemalige Heimat der beiden ersten Kneippbecken in Ingolstadt, w\u00fcrde grunds\u00e4tzlich in Frage kommen.<br>F\u00fcr die im Schutterhof ans\u00e4ssige Gastronomie, w\u00e4re das sicherlich eine zus\u00e4tzliche Attraktion.<br>Hier k\u00f6nnte man eine Br\u00fccke schlagen zur Historie des fr\u00fcheren Schutterlaufes. Auch zum ehemaligen Milit\u00e4rbad k\u00f6nnte ein Bezug hergestellt werden.<\/p>\n\n\n\n<figure class=\"wp-block-image size-large\"><img fetchpriority=\"high\" decoding=\"async\" width=\"1280\" height=\"960\" src=\"https:\/\/www.kneippverein-ingolstadt.de\/wp-content\/uploads\/2023\/11\/Schutterhof-3-1280x960.jpg\" alt=\"\" class=\"wp-image-6942\" srcset=\"https:\/\/www.kneippverein-ingolstadt.de\/wp-content\/uploads\/2023\/11\/Schutterhof-3-1280x960.jpg 1280w, https:\/\/www.kneippverein-ingolstadt.de\/wp-content\/uploads\/2023\/11\/Schutterhof-3-300x225.jpg 300w, https:\/\/www.kneippverein-ingolstadt.de\/wp-content\/uploads\/2023\/11\/Schutterhof-3-768x576.jpg 768w, https:\/\/www.kneippverein-ingolstadt.de\/wp-content\/uploads\/2023\/11\/Schutterhof-3-1536x1152.jpg 1536w, https:\/\/www.kneippverein-ingolstadt.de\/wp-content\/uploads\/2023\/11\/Schutterhof-3-2048x1536.jpg 2048w, https:\/\/www.kneippverein-ingolstadt.de\/wp-content\/uploads\/2023\/11\/Schutterhof-3-400x300.jpg 400w\" sizes=\"(max-width: 1280px) 100vw, 1280px\" \/><\/figure>\n\n\n\n<ul>\n<li><strong>Zentrale Lage<\/strong><\/li>\n<li><strong>Kurzer Weg zur Altstadt<\/strong><\/li>\n<li><strong>Keine direkten Anwohner<\/strong><\/li>\n<li><strong>Aufwertung Platz durch flie\u00dfendes Wasser<\/strong><\/li>\n<li><strong>Abk\u00fchlung durch flie\u00dfendes Wasser<\/strong><\/li>\n<li><strong>Zugang abschlie\u00dfbar (Vandalismus)<\/strong><\/li>\n<li><strong>Touristische Aufwertung<\/strong><\/li>\n<li><strong>Erfrischung f\u00fcr Nutzer des Biergarten Schutterhof<\/strong><\/li>\n<li><strong>Saisonaler Betrieb m\u00f6glich<\/strong><\/li>\n<li><strong>Im Zuge Restaurierung des Geb\u00e4udes integrierbar<\/strong><\/li>\n<li><strong>B\u00fcro in Holzh\u00fctte<\/strong><\/li>\n<li><strong>Workshops f\u00fcr Ern\u00e4hrung\/Kr\u00e4uter und Kneippanwendungen<\/strong><\/li>\n<\/ul>\n","protected":false},"excerpt":{"rendered":"<p>Im Schutterhof Auch der Schutterhof, die ehemalige Heimat der beiden ersten Kneippbecken in Ingolstadt, w\u00fcrde grunds\u00e4tzlich in Frage kommen.F\u00fcr die im Schutterhof ans\u00e4ssige Gastronomie, w\u00e4re das sicherlich eine zus\u00e4tzliche Attraktion.Hier k\u00f6nnte man eine Br\u00fccke schlagen zur Historie des fr\u00fcheren Schutterlaufes. &hellip; <a href=\"https:\/\/www.kneippverein-ingolstadt.de\/?page_id=6855\">Weiterlesen <span class=\"meta-nav\">&rarr;<\/span><\/a><\/p>\n","protected":false},"author":5,"featured_media":0,"parent":0,"menu_order":0,"comment_status":"closed","ping_status":"closed","template":"","meta":{"_eb_attr":"","ngg_post_thumbnail":0,"footnotes":""},"class_list":["post-6855","page","type-page","status-publish","hentry"],"_links":{"self":[{"href":"https:\/\/www.kneippverein-ingolstadt.de\/index.php?rest_route=\/wp\/v2\/pages\/6855","targetHints":{"allow":["GET"]}}],"collection":[{"href":"https:\/\/www.kneippverein-ingolstadt.de\/index.php?rest_route=\/wp\/v2\/pages"}],"about":[{"href":"https:\/\/www.kneippverein-ingolstadt.de\/index.php?rest_route=\/wp\/v2\/types\/page"}],"author":[{"embeddable":true,"href":"https:\/\/www.kneippverein-ingolstadt.de\/index.php?rest_route=\/wp\/v2\/users\/5"}],"replies":[{"embeddable":true,"href":"https:\/\/www.kneippverein-ingolstadt.de\/index.php?rest_route=%2Fwp%2Fv2%2Fcomments&post=6855"}],"version-history":[{"count":5,"href":"https:\/\/www.kneippverein-ingolstadt.de\/index.php?rest_route=\/wp\/v2\/pages\/6855\/revisions"}],"predecessor-version":[{"id":6943,"href":"https:\/\/www.kneippverein-ingolstadt.de\/index.php?rest_route=\/wp\/v2\/pages\/6855\/revisions\/6943"}],"wp:attachment":[{"href":"https:\/\/www.kneippverein-ingolstadt.de\/index.php?rest_route=%2Fwp%2Fv2%2Fmedia&parent=6855"}],"curies":[{"name":"wp","href":"https:\/\/api.w.org\/{rel}","templated":true}]}}